 6?
6
Let p = 387 - -80. Suppose -5*l + 3*r + 443 = -44, 5*l + 2*r = p. Calculate the highest common factor of 19 and l.
19
Suppose 0 = 3*x + b - 5*b - 10, -5*x + 45 = -b. What is the greatest common factor of x and 50?
10
Let w = -99 + 216. Suppose -4*l - 23 = 3*n - 6*n, 5*n - 2*l = 57. What is the highest common factor of w and n?
13
Suppose 5*w = 3*w. Suppose w = 3*r + 11 - 47. Calculate the greatest common factor of 36 and r.
12
Suppose -2*r = -4*r + 88. Let b = r + -20. Calculate the greatest common divisor of 120 and b.
24
Suppose -2*o - 5*n = -3*o + 40, -84 = -3*o - 3*n. Let v be (-3)/((-27)/(-15) + -2). Calculate the greatest common factor of v and o.
15
Let q(d) = 6 - 1 - d + d**2 - 3. Let s be q(2). Calculate the highest common factor of 4 and s.
4
Let w be 20/(-6)*(7 - 10). Suppose 5*v - 5*s - 306 = 84, -4*v + 328 = 4*s. What is the greatest common divisor of w and v?
10
Let b(y) = -y**2 - 12*y + 13. Let i be b(-13). Suppose 2*l - 5*l + 66 = i. Calculate the greatest common divisor of l and 11.
11
Let z(d) be the second derivative of d**5/10 + d**2 - 3*d. Let w be z(3). What is the highest common factor of w and 14?
14
Let r be -4*(0 + 63/4). Let y = r - -107. Calculate the highest common divisor of 11 and y.
11
Let j(c) = 4*c**2 - c. Let g = 3 + -5. Let y be j(g). Let w be (-4)/y - 368/(-36). Calculate the greatest common divisor of w and 20.
10
Suppose -3*n + 1260 = 6*n. Calculate the greatest common divisor of 28 and n.
28
Let g(o) = o**3 + 9*o**2 - 3*o + 8. Let p be g(-9). What is the greatest common factor of 7 and p?
7
Suppose 2*m - g = 6*m - 65, -81 = -5*m - g. Suppose -2*v - 2*v + 160 = 0. Calculate the highest common divisor of m and v.
8
Let h be (-80 - 2 - 0)*(-3)/6. Calculate the greatest common divisor of 287 and h.
41
Suppose 7*m = 3*m - 2*p + 174, 0 = m - 5*p - 38. Calculate the greatest common divisor of m and 215.
43
Let o = -35 + 41. Calculate the greatest common divisor of o and 30.
6
Suppose -4*r - 121 - 109 = -z, 2*r - 236 = -z. What is the greatest common divisor of 26 and z?
26
Let h be 1 + 0 + (0 - 2). Let j = 9 - h. What is the highest common divisor of j and 2?
2
Suppose 6*v + 8*v - 56 = 0. What is the highest common factor of 1 and v?
1
Let u(j) = j + 16. Let c be u(-9). Calculate the highest common factor of 1 and c.
1
Let p = -62 - -97. Calculate the highest common factor of p and 7.
7
Suppose 8*r - 4*r = 36. Calculate the greatest common factor of 9 and r.
9
Suppose -4*u = -1604 + 524. What is the greatest common divisor of 30 and u?
30
Let k(h) = -h**3 - 6*h**2 + 9*h - 1. Let x be k(-9). Suppose -2*t = 2*t - 92. Calculate the highest common factor of t and x.
23
Suppose 0 = -3*s - s - 8. Let v(g) = -g**3 - 2*g**2 - 2*g + 1. Let z be v(s). Let b be z/(-2)*(-24)/20. What is the greatest common divisor of 6 and b?
3
Let l(s) = s**2 - 3*s. Let y be l(-6). Calculate the highest common factor of y and 18.
18
Let m be (-5)/(5/(-9)) + 2. Suppose 0 = -b - 3*b - 5*y, -2*b + 2*y - 18 = 0. Let h(n) = -21*n + 5. Let w be h(b). What is the highest common factor of w and m?
11
Let o = -179 - -399. Let m(z) = z**2 - 5. Let c(q) = -6*q**3 - q**2. Let r be c(-1). Let x be m(r). Calculate the highest common factor of x and o.
20
Suppose 3*u - 2*t - 114 = 0, 4*t = -4*u + u + 96. What is the greatest common factor of 54 and u?
18
Suppose -18 = -w - 7. What is the greatest common factor of 99 and w?
11
Suppose -3*l - 3*s = 2*l - 565, 5*l + 5*s = 575. Let r be 9/(-7) + 4/14. Let y be r - -2 - 1 - -10. Calculate the greatest common divisor of y and l.
10
Suppose 0 = -2*p - 4*g - 230, -6 = -2*g - 0. Let r = p - -66. Let w be -4*(0 - r/(-2)). What is the highest common factor of w and 10?
10
Let p = 46 - 12. Let w be p - (3 + -3 - 2). What is the greatest common factor of 24 and w?
12
Let i(z) = z + 4. Let g be i(-5). Let o = -1 - g. Let u = o + 20. Calculate the greatest common divisor of 50 and u.
10
Suppose -k = -0*k. Suppose 3*l + k*l - 6 = 0. Suppose 63 = j + 3*s, l*s + 129 = 3*j - s. Calculate the highest common factor of 12 and j.
12
Suppose 86 = 4*b - 0*j + 2*j, 15 = 3*j. What is the highest common factor of 152 and b?
19
Suppose -4*p = 4*z - 60, -p - 3*p + 2*z = -66. Let a = -52 + 84. Calculate the greatest common divisor of a and p.
16
Suppose -5*w + 82 = 4*h - 8*w, 2*h + w - 36 = 0. What is the greatest common factor of 19 and h?
19
Let y(q) = -q**3 + 5*q**2 + 3*q - 12. Let s be y(5). Suppose 4*r - 2*i - 25 = r, -37 = -4*r - i. Calculate the highest common factor of r and s.
3
Let k be (-2*1)/(6/(-33)). Let h = 38 - -17. Suppose b + h = 6*b. What is the highest common divisor of b and k?
11
Let o = -132 + 227. Calculate the greatest common divisor of 38 and o.
19
Suppose -4*r = -79 - 13. Calculate the greatest common factor of 207 and r.
23
Let t(a) = 4 + 4 + 2 + 2*a. Let s be t(0). What is the highest common factor of 10 and s?
10
Let x = 19 - 17. Suppose -d + 31 = -n - 4*n, 5*n = -x*d + 2. Calculate the greatest common divisor of 33 and d.
11
Let a(y) = y**3 - 8*y**2 + 7*y + 5. Let c be a(7). Suppose -c*g + 11 = -14. Suppose -5*v + 100 = -0*v. Calculate the greatest common factor of g and v.
5
Let o(m) = 14*m**2 + m + 2. Suppose 2*y + 0*y = -4. Let d be o(y). Let l = -9 - -16. Calculate the highest common factor of l and d.
7
Suppose -2*d + 3 = -3*d. Let l = -1 - d. Let j be (1 + 1)/(l/19). Calculate the highest common divisor of 209 and j.
19
Let n be -3 + -138 + (-6)/2. Let r = 36 - n. What is the highest common divisor of 20 and r?
20
Let n = -34 - -48. Let m(f) = -3 - 2 + 1 + 3 + 2*f**2 - 7*f. Let y be m(5). What is the greatest common factor of n and y?
14
Let x = -23 + 36. Let m(z) = -z**3 - 3*z**3 + 17*z**3. Let i be m(2). What is the greatest common factor of x and i?
13
Let x = 22 + 168. Suppose -3*q + 44 = 2*o, -4*o + q + 93 = o. What is the greatest common factor of x and o?
19
Let t(w) = -w**3 + 5*w + 2. Let l be t(-3). What is the highest common divisor of l and 7?
7
Let m be 1*-28 + 12/(-4). Let f = -18 - m. What is the greatest common factor of f and 13?
13
Suppose -2*c + 16 = -2*d, 0*c = 4*d + 2*c + 20. Let o be (d/4)/((-5)/540). Calculate the highest common factor of o and 18.
18
Suppose 19*q + 126 = 20*q. Let k(l) = 6*l. Let d be k(3). Suppose -d = -2*n + 18. Calculate the highest common factor of q and n.
18
Suppose 3*d - 5*k - 55 = 0, -k + 63 = 3*d + 2*k. Calculate the highest common divisor of 100 and d.
20
Let o(a) = -59*a + 2. Let h be o(-2). Suppose 24 - h = -q. Suppose 3*j = 3*r + 108, 2*j + 4*r = -0*j + q. Calculate the greatest common divisor of 4 and j.
4
Let v = -63 + 117. Let j = 132 - v. Calculate the highest common divisor of j and 13.
13
Suppose 0 = 48*k - 45*k - 144. What is the highest common divisor of 24 and k?
24
Let v = -162 + 180. Calculate the greatest common factor of v and 18.
18
Suppose -s = -z - 0 - 11, -13 = -s + 3*z. Calculate the greatest common divisor of 10 and s.
10
Suppose 3*c = -4*u + 1, 1 = -5*u + 4*c + 10. Let s be (3 + u + -3)*20. Calculate the greatest common factor of 40 and s.
20
Let u(z) = 7*z**2 + 1. Let g = -10 - -15. Let b = g - 6. Let d be u(b). What is the highest common factor of 8 and d?
8
Suppose -u - 2*u = -240. Suppose -5*p + 100 = 250. Let t = p - -46. Calculate the greatest common divisor of t and u.
16
Suppose -5*n = -2*f + 55, 2*f + 3*n = f. Calculate the greatest common factor of 45 and f.
15
Let c be (-225)/(-15) + (4 - 1). What is the highest common divisor of 72 and c?
18
Let f(p) = p**3 - 4*p**2 - 3*p + 4. Let x be f(5). What is the highest common divisor of x and 70?
14
Let r be (-2 - 1 - -6) + -3. Suppose r = -4*d + 4*s + 244, -218 = -3*d - 0*s - 4*s. Calculate the highest common divisor of d and 44.
22
Let q(a) = a**3 - 6*a**2 + 7*a - 8. Let d be q(6). What is the highest common factor of d and 51?
17
Let j be 28/35 - 2418/(-15). Suppose -5*f + 4*u + 74 = 0, 4*u = 8*u - 16. What is the greatest common factor of f and j?
18
Let q be (-51 - -1)/(6/2 + -5). Calculate the highest common divisor of 200 and q.
25
Let r = 114 + -65. Let a = r + 63. What is the greatest common factor of a and 16?
16
Let k be (-4*16)/(-2) + 0. Calculate the highest common divisor of 8 and k.
8
Let i = 0 + -1. Let o = i + 41. What is the highest common fac